.
2, 107, 7759
What are the prime factors of 156318?
2, 3, 26053
What are the prime factors of 1296144?
2, 3, 9001
List the prime factors of 460355.
5, 7, 1879
What are the prime factors of 224399?
7, 32057
What are the prime factors of 1172175?
3, 5, 15629
List the prime factors of 571934.
2, 11, 25997
What are the prime factors of 1456132?
2, 31, 11743
List the prime factors of 34540.
2, 5, 11, 157
List the prime factors of 2094148.
2, 7, 29, 2579
List the prime factors of 3155064.
2, 3, 11, 17, 19, 37
List the prime factors of 219881.
219881
What are the prime factors of 2011283?
19, 37, 2861
List the prime factors of 9439876.
2, 43, 71, 773
What are the prime factors of 1512561?
3, 504187
List the prime factors of 4644171.
3, 7, 10531
List the prime factors of 4565665.
5, 13, 70241
What are the prime factors of 127605?
3, 5, 47, 181
What are the prime factors of 601241?
601241
List the prime factors of 17476909.
53, 419, 787
List the prime factors of 167281.
409
What are the prime factors of 21662068?
2, 5415517
List the prime factors of 535837.
71, 7547
List the prime factors of 13106548.
2, 7, 13, 36007
What are the prime factors of 65656?
2, 29, 283
What are the prime factors of 797684?
2, 47, 4243
List the prime factors of 19332885.
3, 5, 11, 13, 9013
What are the prime factors of 7611242?
2, 3805621
What are the prime factors of 12856038?
2, 3, 13, 164821
What are the prime factors of 723191?
7, 14759
List the prime factors of 175755.
3, 5, 11717
List the prime factors of 786671.
89, 8839
What are the prime factors of 8487042?
2, 3, 1414507
What are the prime factors of 2633876?
2, 7, 109, 863
What are the prime factors of 176948?
2, 31, 1427
What are the prime factors of 71374?
2, 127, 281
What are the prime factors of 424066?
2, 43, 4931
List the prime factors of 183869.
7, 26267
What are the prime factors of 2622838?
2, 1311419
What are the prime factors of 292561?
292561
What are the prime factors of 1050267?
3, 350089
List the prime factors of 2579425.
5, 103177
What are the prime factors of 574390?
2, 5, 71, 809
List the prime factors of 5298977.
5298977
List the prime factors of 15883818.
2, 3, 2647303
What are the prime factors of 798499?
13, 239, 257
What are the prime factors of 1845144?
2, 3, 7, 523
List the prime factors of 96025.
5, 23, 167
List the prime factors of 14779279.
14779279
List the prime factors of 1581819.
3, 527273
List the prime factors of 2357178.
2, 3, 19, 23, 29, 31
List the prime factors of 1143278.
2, 523, 1093
List the prime factors of 9984509.
109, 139, 659
List the prime factors of 753219.
3, 17, 547
What are the prime factors of 1726754?
2, 863377
List the prime factors of 1613199.
3, 7, 76819
List the prime factors of 143893.
37, 3889
What are the prime factors of 117778?
2, 58889
What are the prime factors of 3213433?
43, 74731
What are the prime factors of 877866?
2, 3, 11, 47, 283
List the prime factors of 28585111.
28585111
List the prime factors of 2695269.
3, 898423
List the prime factors of 2781876.
2, 3, 231823
What are the prime factors of 2783576?
2, 19, 18313
List the prime factors of 351222.
2, 3, 58537
What are the prime factors of 7162803?
3, 61, 4349
What are the prime factors of 10916384?
2, 89, 3833
What are the prime factors of 2045344?
2, 7, 23, 397
List the prime factors of 1972512.
2, 3, 761
List the prime factors of 6835402.
2, 7, 19, 3671
What are the prime factors of 40820776?
2, 2237, 2281
List the prime factors of 50955.
3, 5, 43, 79
What are the prime factors of 11760113?
43, 181, 1511
What are the prime factors of 26819994?
2, 3, 389, 11491
List the prime factors of 3797127.
3, 179, 2357
What are the prime factors of 15373759?
37, 415507
List the prime factors of 9995032.
2, 37, 33767
List the prime factors of 6091944.
2, 3, 41, 151
List the prime factors of 180581.
89, 2029
List the prime factors of 595641.
3, 367, 541
What are the prime factors of 680977?
11, 31, 1997
What are the prime factors of 19443693?
3, 199, 32569
List the prime factors of 2614379.
17, 29, 5303
List the prime factors of 15810321.
3, 97, 54331
List the prime factors of 199486.
2, 7, 14249
List the prime factors of 378091.
7, 54013
What are the prime factors of 206669?
17, 12157
List the prime factors of 292335.
3, 5, 19489
List the prime factors of 5815440.
2, 3, 5, 41, 197
What are the prime factors of 25927951?
7, 19, 383, 509
List the prime factors of 10005446.
2, 11, 53, 8581
List the prime factors of 12625921.
7, 11, 163973
List the prime factors of 787202.
2, 13, 17, 137
What are the prime factors of 85179?
3, 28393
What are the prime factors of 230488?
2, 47, 613
What are the prime factors of 1159894?
2, 579947
List the prime factors of 1842667.
1842667
List the prime factors of 209426.
2, 7, 2137
List the prime factors of 30847.
109, 283
List the prime factors of 930960.
2, 3, 5, 431
What are the prime factors of 444466?
2, 11, 89, 227
List the prime factors of 4958020.
2, 5, 247901
What are the prime factors of 261552?
2, 3, 5449
List the prime factors of 1714141.
11, 13, 11987
List the prime factors of 681196.
2, 170299
List the prime factors of 324136.
2, 31, 1307
List the prime factors of 10124785.
5, 11, 184087
What are the prime factors of 470912?
2, 13, 283
List the prime factors of 9467478.
2, 3, 83, 6337
List the prime factors of 96775.
5, 7, 79
List the prime factors of 28719.
3, 3191
List the prime factors of 321895.
5, 7, 17, 541
List the prime factors of 1353373.
7, 397, 487
List the prime factors of 972932.
2, 243233
List the prime factors of 1201384.
2, 263, 571
List the prime factors of 1510086.
2, 3, 109, 2309
List the prime factors of 1326164.
2, 7, 47363
List the prime factors of 5018612.
2, 1254653
What are the prime factors of 3454185?
3, 5, 7, 67, 491
List the prime factors of 928099.
928099
What are the prime factors of 68026?
2, 7, 43, 113
What are the prime factors of 356907?
3, 271, 439
List the prime factors of 843115.
5, 7, 13, 17, 109
List the prime factors of 5160846.
2, 3, 281, 3061
What are the prime factors of 2003197?
7, 286171
List the prime factors of 226976.
2, 41, 173
List the prime factors of 3672215.
5, 734443
List the prime factors of 13975595.
5, 2795119
List the prime factors of 633250.
2, 5, 17, 149
What are the prime factors of 3450925?
5, 223, 619
List the prime factors of 686308.
2, 7, 127, 193
List the prime factors of 1480968.
2, 3, 67, 307
What are the prime factors of 4931251?
13, 29179
What are the prime factors of 912069?
3, 101341
List the prime factors of 41817.
3, 53, 263
What are the prime factors of 4744764?
2, 3, 43933
What are the prime factors of 804830?
2, 5, 13, 41, 151
List the prime factors of 374357.
17, 19, 61
List the prime factors of 113423.
101, 1123
What are the prime factors of 413717?
71, 5827
What are the prime factors of 1136778?
2, 3, 189463
What are the prime factors of 722598?
2, 3, 83, 1451
List the prime factors of 3428665.
5, 685733
What are the prime factors of 6686131?
67, 99793
List the prime factors of 313673.
181, 1733
What are the prime factors of 1412230?
2, 5, 141223
List the prime factors of 460096.
2, 7, 13, 79
List the prime factors of 14145374.
2, 2011, 3517
List the prime factors of 587714.
2, 29, 10133
List the prime factors of 508302.
2, 3, 9413
List the prime factors of 51446.
2, 29, 887
List the prime factors of 141610.
2, 5, 7, 17
List the prime factors of 72386.
2, 17, 2129
What are the prime factors of 694747?
694747
List the prime factors of 8747.
8747
List the prime factors of 493993.
493993
List the prime factors of 2074962.
2, 3, 173, 1999
What are the prime factors of 25830?
2, 3, 5, 7, 41
List the prime factors of 1034413.
67, 15439
List the prime factors of 2963924.
2, 19, 59, 661
List the prime factors of 49058.
2, 19, 1291
List the prime factors of 452823.
3, 7, 21563
List the prime factors of 228148.
2, 57037
What are the prime factors of 2830284?
2, 3, 29, 2711
List the prime factors of 9776605.
5, 811, 2411
List the prime factors of 3580581.
3, 173, 6899
What are the prime factors of 10914907?
10914907
What are the prime factors of 1095817?
103, 10639
What are the prime factors of 256891?
37, 53, 131
What are the prime factors of 218077?
218077
What are the prime factors 